 5?
4
Let d(s) = 2*s. Let b be d(2). Suppose -15 - 9 = -b*t. Calculate the remainder when 16 is divided by t.
4
Suppose -79 = -4*r - a, 2*r + 7 = 3*a + 36. Calculate the remainder when r is divided by (2 - -9) + -1 + 0.
9
Suppose -k - v = 4*v + 40, -3*v - 109 = 4*k. Let r = -18 - k. Suppose 3*b + 2*d = 2*b + r, 31 = 3*b - 4*d. Calculate the remainder when 16 is divided by b.
7
Let r = 15 - 8. Calculate the remainder when 6/8 - (-73)/4 is divided by r.
5
Suppose 18 - 4 = 7*c. What is the remainder when c/(((-9)/(-48))/3) is divided by 7?
4
Let x = 115 + -60. Suppose -5*d + 102 = 4*g, -2*d + x = 4*g - 41. Calculate the remainder when 67 is divided by g.
21
Let w(a) = a + 13. What is the remainder when 2/(1*-3 - (-177)/57) is divided by w(-6)?
5
Let c be -216 + 4 + 2 + -3. Let u = 42 - 16. Calculate the remainder when 2 - (-3 - c/(-3)) is divided by u.
24
Let d(x) = x**2 + 18*x - 46. Calculate the remainder when 67 is divided by d(-21).
16
Suppose -6 = -2*g - 0*g - 2*d, d - 2 = 0. What is the remainder when 18 is divided by (15 - g)/(-8 + 10)?
4
Suppose 0 = -5*v + 97 - 2. Let h(o) be the first derivative of -o**3/3 + 8*o**2 - 8*o + 2. What is the remainder when h(8) is divided by v?
18
Suppose -2565 = 7*d - 16*d. What is the remainder when d is divided by 24?
21
Suppose 2*o + o = 222. Suppose -o = -3*q + 4*d, 2*q - 2*d = -5*d + 38. Calculate the remainder when 63 is divided by q.
19
Let w(d) = d**2 - 6*d - 5. Let o = -17 + 24. Let s be w(o). Suppose 6 = s*y - y. Calculate the remainder when 17 is divided by y.
5
Let p = 7 + -3. Let d = -41 + 48. What is the remainder when d is divided by p?
3
Suppose -v = 13*l - 8*l - 36, -2*l + 13 = -v. What is the remainder when l is divided by 5?
2
Suppose 5*f + 17 + 33 = 0. Let w(x) = x**2 + 8*x - 5. What is the remainder when w(f) is divided by 9?
6
Suppose -3*i - u = -6, -i + u - 2 + 4 = 0. Suppose i*l + 32 = 4*f, 2*f + l + l = 28. Calculate the remainder when 29 is divided by f.
9
Let p = -3 - -7. Suppose p*h - 117 = 115. Calculate the remainder when h is divided by 15.
13
Suppose 2*a + 2 - 22 = 0. What is the remainder when 28 is divided by a?
8
Let z = 47 - 45. Calculate the remainder when 4 is divided by z.
0
Let t(c) = -c**3 + 2*c**2 + 4*c + 2. Let u(f) = f**3 + 5*f**2 - 8*f - 8. What is the remainder when t(-2) is divided by u(-6)?
2
Let n(x) = x + 2. Let f be n(2). Suppose -z - 2 = 2*c + 6, -22 = 3*z + f*c. Let u = z - -13. What is the remainder when 19 is divided by u?
5
Suppose -3*x = -7*x + 16. Suppose 0*g + x = 4*g. Let q(c) = 6*c**3 - 2*c**2 + 2*c - 1. What is the remainder when q(g) is divided by 3?
2
Let m(b) = b. Calculate the remainder when 26 is divided by m(14).
12
Suppose -35 - 628 = -17*z. Calculate the remainder when z is divided by 10.
9
Let m(z) = 22*z - 4. What is the remainder when 85 is divided by m(1)?
13
Suppose 2*b + b = 0. Let d be b*2*(-2)/(-8). Suppose d = -g - s + 31, -2*g - 74 = -4*g + s. What is the remainder when g is divided by 9?
8
Let y(g) = -g**3 + 6*g**2. Suppose -3*x = 3*p - 8*p - 19, 4*p = -4*x - 28. What is the remainder when y(5) is divided by 26*(-1)/x*1?
12
Let b(t) = 2*t**2 + 4*t + 1. Let o be b(-3). Suppose 5*l - 4*d = -o, -l - d = 4*d + 13. Let r(g) = -8*g + 2. What is the remainder when r(l) is divided by 14?
12
Let s = -5 - -8. Let u = s + 3. What is the remainder when u is divided by 8/2 + 0/(-7)?
2
Suppose -2*i - 2*w = -5*w - 46, 3*w = 5*i - 115. What is the remainder when 68 is divided by i?
22
Suppose f + 20 = 3*z - 0*z, -5*f = z + 20. Suppose 0 = 5*l - b - 220 + 85, 5*l = -z*b + 165. What is the remainder when l is divided by 10?
8
Let g = 201 + -178. Calculate the remainder when g is divided by 9.
5
Let x(z) = -z**3 - 5*z**2 + 3. Let o be x(-5). Suppose o*w - 14 = -0*c + 2*c, 2*w - c = 9. Calculate the remainder when w is divided by 2.
0
Let c(h) = h**3 - 7*h**2 + 3*h - 5. Calculate the remainder when ((-9)/(-2) + -2)*12 is divided by c(7).
14
Let m(q) = 7*q**2 - 6*q**2 - 3*q + 0 - 4. Suppose -s = s - 46. What is the remainder when s is divided by m(5)?
5
Let r = -7 - -6. Let t be r/((1/(-4))/1). Calculate the remainder when 7 is divided by (-1)/t + (-39)/(-12).
1
Suppose -7*c + 228 = -381. What is the remainder when c is divided by 22?
21
Let s = -2 - -4. Suppose -k + 3 = -s. Calculate the remainder when 7 is divided by k.
2
Let w(h) = -h**3 - 5*h**2 + 2*h - 3. What is the remainder when 102 is divided by w(-6)?
18
Suppose d - 110 = 3*c, -3*c = -d + 2*c + 104. What is the remainder when d is divided by 30?
29
Let r(b) = -4*b + 2. Let y = 3 - -3. Let g be 2*(-4)/(16/y). Calculate the remainder when r(g) is divided by 5.
4
Let p = -6 - -24. What is the remainder when 53 is divided by p?
17
Let f(p) be the second derivative of -p**3/6 + 10*p**2 + 4*p. Calculate the remainder when (-249)/(-12) - (-1)/4 is divided by f(9).
10
Let p = -29 - -40. What is the remainder when p is divided by 1*2 - (3 + -4)?
2
Let l = 301 - 211. Suppose 0 = -5*f + 25 + l. What is the remainder when 43 is divided by f?
20
Let y = -14 + 18. Calculate the remainder when 7 is divided by y.
3
Suppose -92 = 2*b - 120. Suppose -4*t = -3*t - 5. Calculate the remainder when b is divided by t.
4
Let w(y) = -y**2 + 9*y + 2. What is the remainder when 79 is divided by w(7)?
15
Let a = -15 - -22. Let r be (-2)/((-1)/((-5)/(-2))). Suppose 2*n - 15 = n - r*u, -4*u = n - 16. What is the remainder when n is divided by a?
6
Suppose -2*n + 56 = 5*n. Calculate the remainder when n is divided by 6.
2
Suppose -3 = -4*j + 9. Let d = -10 + j. Let w = d + 23. Calculate the remainder when 46 is divided by w.
14
Suppose 2*n - 3*n = -18. Suppose 5*i - 2 + n = -3*z, 0 = 2*i - 4*z - 4. Let f = i - -16. What is the remainder when 26 is divided by f?
12
Let v = -32 + 46. What is the remainder when 55 is divided by v?
13
Let r(z) = 22*z - 1. Suppose -10 - 1 = -t + 4*c, -3*c - 9 = -t. What is the remainder when r(t) is divided by 22?
21
Let c = 30 - 2. Suppose 3*f - 30 = f. Calculate the remainder when c is divided by f.
13
Let k = -20 - -55. What is the remainder when k is divided by 2*(-1)/(-2)*12?
11
Suppose 2*f - 22 + 0 = 0. What is the remainder when 40 is divided by f?
7
Suppose -5*s + 1906 = 591. Calculate the remainder when s is divided by 12.
11
Let z = 98 - 66. What is the remainder when z is divided by 5?
2
Suppose 3*v - 70 = 29. Let r = -15 + v. Calculate the remainder when 70 is divided by r.
16
Calculate the remainder when 97 is divided by (-8)/((-112)/357)*(-4)/(-6).
12
Let u(s) = -5*s**3 - 5*s**2 - 2*s + 1. Calculate the remainder when u(-3) is divided by 20.
17
Let k = 24 - -2. Calculate the remainder when 38 is divided by 2*k*1/4.
12
Let z = -147 + 165. Suppose 2*p - 4 = -2*p. What is the remainder when 28 is divided by -4 + z - (0 - p)?
13
Let t(b) = -b**3 - 14*b**2 + 4*b + 10. Let k be t(-14). Let m = -5 - k. What is the remainder when m is divided by 11?
8
Let n(c) = 48*c + 18. Calculate the remainder when n(2) is divided by 30.
24
Let c = 124 + -116. What is the remainder when 12 is divided by c?
4
Suppose 2*a - 6*v = -3*v + 91, 149 = 4*a + 5*v. What is the remainder when a is divided by 25?
16
Let h(x) = x**2 - 5*x + 2. Let v be h(4). Let r(w) = -w**2 + 9*w - 8. What is the remainder when (-34)/v - 4/(-2) is divided by r(6)?
9
Suppose 4*k + b - 13 = 0, -3*b + 0*b = -k. Suppose k*a = a + 10. What is the remainder when -2 + 16*(0 + 1) is divided by a?
4
Let w be (2/6)/((-5)/(-75)). Suppose w*z - 80 = -3*b, 0*b + 5*b - 3*z = 156. Calculate the remainder when b is divided by 8.
6
Let u = 9 - 9. Suppose 5*b - 2*l - l - 19 = u, 2*b = -l + 12. What is the remainder when b is divided by 2?
1
Suppose p - 8 = -p. Suppose -j = -6 - p. Let w = -3 + 9. What is the remainder when j is divided by w?
4
Let u be 1 - (-3)/(-3 - 0). Suppose 3*n - 15 = -u. What is the remainder when 136/5 - 1/n is divided by 14?
13
Suppose r + 8 = 5*r. Suppose -r*h + 0*h = -6. Let n = 4 - h. Calculate the remainder when 2 is divided by n.
0
Let z(y) = -y**2 - 7*y - 4. Suppose 0 = g + 6. Let f be z(g). Suppose f*o - 3*n - 18 = 0, 0 = 3*n - 2 - 4. Calculate the remainder when 33 is divided by o.
9
Let o(b) = -b**2 - 1. Let h(f) = 2*f**2 - 3*f - 2. Let d(a) = h(a) - 2*o(a). Calculate the remainder when d(3) is divided by 